{"id":7,"date":"2024-09-19T11:41:19","date_gmt":"2024-09-19T09:41:19","guid":{"rendered":"https:\/\/www.arsippelberg.be\/?page_id=7"},"modified":"2025-05-19T03:05:36","modified_gmt":"2025-05-19T01:05:36","slug":"les-options","status":"publish","type":"page","link":"https:\/\/www.arsippelberg.be\/index.php\/les-options\/","title":{"rendered":"LES OPTIONS"},"content":{"rendered":"\n<div class=\"wp-block-columns is-layout-flex wp-container-core-columns-is-layout-9d6595d7 wp-block-columns-is-layout-flex\">\n<div class=\"wp-block-column is-layout-flow wp-block-column-is-layout-flow\">\n<figure class=\"wp-block-image size-large\"><img loading=\"lazy\" decoding=\"async\" width=\"1024\" height=\"614\" src=\"https:\/\/www.arsippelberg.be\/wp-content\/uploads\/2024\/09\/op1-1024x614.jpg\" alt=\"\" class=\"wp-image-8\" srcset=\"https:\/\/www.arsippelberg.be\/wp-content\/uploads\/2024\/09\/op1-1024x614.jpg 1024w, https:\/\/www.arsippelberg.be\/wp-content\/uploads\/2024\/09\/op1-300x180.jpg 300w, https:\/\/www.arsippelberg.be\/wp-content\/uploads\/2024\/09\/op1-768x461.jpg 768w, https:\/\/www.arsippelberg.be\/wp-content\/uploads\/2024\/09\/op1-1536x922.jpg 1536w, https:\/\/www.arsippelberg.be\/wp-content\/uploads\/2024\/09\/op1.jpg 1600w\" sizes=\"auto, (max-width: 1024px) 100vw, 1024px\" \/><\/figure>\n<\/div>\n\n\n\n<div class=\"wp-block-column is-layout-flow wp-block-column-is-layout-flow\">\n<p><\/p>\n\n\n\n<h3 class=\"wp-block-heading\">3\u00e8me ann\u00e9e g\u00e9n\u00e9rale<\/h3>\n\n\n\n<p class=\"has-text-align-left\">\u2022 Langues modernes (N\u00e9erlandais, anglais, espagnol)<br>\u2022 Sciences \u00e9conomiques<br>\u2022 Education physique<br>\u2022 Science math\u00e9matique<\/p>\n<\/div>\n<\/div>\n\n\n\n<div class=\"wp-block-columns is-layout-flex wp-container-core-columns-is-layout-9d6595d7 wp-block-columns-is-layout-flex\">\n<div class=\"wp-block-column is-layout-flow wp-block-column-is-layout-flow\">\n<p><\/p>\n\n\n\n<h3 class=\"wp-block-heading\">4\u00e8me ann\u00e9e g\u00e9n\u00e9rale<\/h3>\n\n\n\n<p>\u2022 Langues modernes (N\u00e9erlandais, anglais, espagnol)<br>\u2022 Sciences \u00e9conomiques<br>\u2022 Education physique<br>\u2022 Science math\u00e9matique<\/p>\n<\/div>\n\n\n\n<div class=\"wp-block-column is-layout-flow wp-block-column-is-layout-flow\">\n<figure class=\"wp-block-image size-full\"><img loading=\"lazy\" decoding=\"async\" width=\"1024\" height=\"768\" src=\"https:\/\/www.arsippelberg.be\/wp-content\/uploads\/2024\/09\/op2.jpg\" alt=\"\" class=\"wp-image-9\" srcset=\"https:\/\/www.arsippelberg.be\/wp-content\/uploads\/2024\/09\/op2.jpg 1024w, https:\/\/www.arsippelberg.be\/wp-content\/uploads\/2024\/09\/op2-300x225.jpg 300w, https:\/\/www.arsippelberg.be\/wp-content\/uploads\/2024\/09\/op2-768x576.jpg 768w\" sizes=\"auto, (max-width: 1024px) 100vw, 1024px\" \/><\/figure>\n<\/div>\n<\/div>\n\n\n\n<div class=\"wp-block-columns is-layout-flex wp-container-core-columns-is-layout-9d6595d7 wp-block-columns-is-layout-flex\">\n<div class=\"wp-block-column is-layout-flow wp-block-column-is-layout-flow\">\n<figure class=\"wp-block-image size-large\"><img loading=\"lazy\" decoding=\"async\" width=\"1024\" height=\"768\" src=\"https:\/\/www.arsippelberg.be\/wp-content\/uploads\/2024\/09\/op3-1024x768.jpg\" alt=\"\" class=\"wp-image-10\" srcset=\"https:\/\/www.arsippelberg.be\/wp-content\/uploads\/2024\/09\/op3-1024x768.jpg 1024w, https:\/\/www.arsippelberg.be\/wp-content\/uploads\/2024\/09\/op3-300x225.jpg 300w, https:\/\/www.arsippelberg.be\/wp-content\/uploads\/2024\/09\/op3-768x576.jpg 768w, https:\/\/www.arsippelberg.be\/wp-content\/uploads\/2024\/09\/op3-1536x1152.jpg 1536w, https:\/\/www.arsippelberg.be\/wp-content\/uploads\/2024\/09\/op3.jpg 2048w\" sizes=\"auto, (max-width: 1024px) 100vw, 1024px\" \/><\/figure>\n<\/div>\n\n\n\n<div class=\"wp-block-column is-layout-flow wp-block-column-is-layout-flow\">\n<p><\/p>\n\n\n\n<h3 class=\"wp-block-heading\">5\u00e8me ann\u00e9e g\u00e9n\u00e9rale<\/h3>\n\n\n\n<p>\u2022 Langues modernes (Math 2h et Math 4h )<br>\u2022 Sciences \u00e9conomiques (Math 4h et Math 6h\u00a0 )<br>\u2022 Science math\u00e9matique (Math 4h et Math 6h)<br>\u2022 Education physique<br>\u2022 TTR Informatique<\/p>\n<\/div>\n<\/div>\n\n\n\n<div class=\"wp-block-columns is-layout-flex wp-container-core-columns-is-layout-9d6595d7 wp-block-columns-is-layout-flex\">\n<div class=\"wp-block-column is-layout-flow wp-block-column-is-layout-flow\">\n<p><\/p>\n\n\n\n<h3 class=\"wp-block-heading\">6\u00e8me ann\u00e9e g\u00e9n\u00e9rale<\/h3>\n\n\n\n<p>\u2022 Langues modernes (Math 2h et Math 4h )<br>\u2022 Sciences \u00e9conomiques (Math 4h et Math 6h\u00a0 )<br>\u2022 Science math\u00e9matique (Math 4h et Math 6h)<br>\u2022 Education physique<br>\u2022 TTR Informatique<\/p>\n<\/div>\n\n\n\n<div class=\"wp-block-column is-layout-flow wp-block-column-is-layout-flow\">\n<figure class=\"wp-block-image size-full\"><img loading=\"lazy\" decoding=\"async\" width=\"1024\" height=\"768\" src=\"https:\/\/www.arsippelberg.be\/wp-content\/uploads\/2024\/09\/op4.jpg\" alt=\"\" class=\"wp-image-11\" srcset=\"https:\/\/www.arsippelberg.be\/wp-content\/uploads\/2024\/09\/op4.jpg 1024w, https:\/\/www.arsippelberg.be\/wp-content\/uploads\/2024\/09\/op4-300x225.jpg 300w, https:\/\/www.arsippelberg.be\/wp-content\/uploads\/2024\/09\/op4-768x576.jpg 768w\" sizes=\"auto, (max-width: 1024px) 100vw, 1024px\" \/><\/figure>\n<\/div>\n<\/div>\n\n\n\n<div class=\"wp-block-columns is-layout-flex wp-container-core-columns-is-layout-9d6595d7 wp-block-columns-is-layout-flex\">\n<div class=\"wp-block-column is-layout-flow wp-block-column-is-layout-flow\">\n<figure class=\"wp-block-image size-full\"><img loading=\"lazy\" decoding=\"async\" width=\"371\" height=\"484\" src=\"https:\/\/www.arsippelberg.be\/wp-content\/uploads\/2024\/09\/pic-a.png\" alt=\"\" class=\"wp-image-12\" srcset=\"https:\/\/www.arsippelberg.be\/wp-content\/uploads\/2024\/09\/pic-a.png 371w, https:\/\/www.arsippelberg.be\/wp-content\/uploads\/2024\/09\/pic-a-230x300.png 230w\" sizes=\"auto, (max-width: 371px) 100vw, 371px\" \/><\/figure>\n<\/div>\n\n\n\n<div class=\"wp-block-column is-layout-flow wp-block-column-is-layout-flow\">\n<figure class=\"wp-block-image size-full\"><img loading=\"lazy\" decoding=\"async\" width=\"371\" height=\"484\" src=\"https:\/\/www.arsippelberg.be\/wp-content\/uploads\/2024\/09\/pic-b.png\" alt=\"\" class=\"wp-image-13\" srcset=\"https:\/\/www.arsippelberg.be\/wp-content\/uploads\/2024\/09\/pic-b.png 371w, https:\/\/www.arsippelberg.be\/wp-content\/uploads\/2024\/09\/pic-b-230x300.png 230w\" sizes=\"auto, (max-width: 371px) 100vw, 371px\" \/><\/figure>\n<\/div>\n\n\n\n<div class=\"wp-block-column is-layout-flow wp-block-column-is-layout-flow\">\n<figure class=\"wp-block-image size-full\"><img loading=\"lazy\" decoding=\"async\" width=\"371\" height=\"484\" src=\"https:\/\/www.arsippelberg.be\/wp-content\/uploads\/2024\/09\/pic-c.png\" alt=\"\" class=\"wp-image-14\" srcset=\"https:\/\/www.arsippelberg.be\/wp-content\/uploads\/2024\/09\/pic-c.png 371w, https:\/\/www.arsippelberg.be\/wp-content\/uploads\/2024\/09\/pic-c-230x300.png 230w\" sizes=\"auto, (max-width: 371px) 100vw, 371px\" \/><\/figure>\n<\/div>\n<\/div>\n\n\n\n<h3 class=\"wp-block-heading\"><strong>Enseignement qualifiant technique<\/strong><\/h3>\n\n\n\n<p>\u2022 3\u00e8me Secr\u00e9tariat &#8211; Tourisme<br>\u2022 4\u00e8me, 5\u00e8me et 6\u00e8me Bureautique<br>\u2022 4\u00e8me, 5\u00e8me et 6\u00e8me Commerce<br><\/p>\n\n\n\n<p><\/p>\n","protected":false},"excerpt":{"rendered":"<p>3\u00e8me ann\u00e9e g\u00e9n\u00e9rale \u2022 Langues modernes (N\u00e9erlandais, anglais, espagnol)\u2022 Sciences \u00e9conomiques\u2022 Education physique\u2022 Science math\u00e9matique 4\u00e8me ann\u00e9e g\u00e9n\u00e9rale \u2022 Langues modernes (N\u00e9erlandais, anglais, espagnol)\u2022 Sciences \u00e9conomiques\u2022 Education physique\u2022 Science math\u00e9matique 5\u00e8me ann\u00e9e g\u00e9n\u00e9rale \u2022 Langues modernes (Math 2h et Math 4h )\u2022 Sciences \u00e9conomiques (Math 4h et Math 6h\u00a0 )\u2022 Science math\u00e9matique (Math 4h et &#8230; <a title=\"LES OPTIONS\" class=\"read-more\" href=\"https:\/\/www.arsippelberg.be\/index.php\/les-options\/\" aria-label=\"En savoir plus sur LES OPTIONS\">Lire la suite<\/a><\/p>\n","protected":false},"author":1,"featured_media":0,"parent":0,"menu_order":0,"comment_status":"closed","ping_status":"closed","template":"","meta":{"footnotes":""},"class_list":["post-7","page","type-page","status-publish"],"_links":{"self":[{"href":"https:\/\/www.arsippelberg.be\/index.php\/wp-json\/wp\/v2\/pages\/7","targetHints":{"allow":["GET"]}}],"collection":[{"href":"https:\/\/www.arsippelberg.be\/index.php\/wp-json\/wp\/v2\/pages"}],"about":[{"href":"https:\/\/www.arsippelberg.be\/index.php\/wp-json\/wp\/v2\/types\/page"}],"author":[{"embeddable":true,"href":"https:\/\/www.arsippelberg.be\/index.php\/wp-json\/wp\/v2\/users\/1"}],"replies":[{"embeddable":true,"href":"https:\/\/www.arsippelberg.be\/index.php\/wp-json\/wp\/v2\/comments?post=7"}],"version-history":[{"count":5,"href":"https:\/\/www.arsippelberg.be\/index.php\/wp-json\/wp\/v2\/pages\/7\/revisions"}],"predecessor-version":[{"id":130,"href":"https:\/\/www.arsippelberg.be\/index.php\/wp-json\/wp\/v2\/pages\/7\/revisions\/130"}],"wp:attachment":[{"href":"https:\/\/www.arsippelberg.be\/index.php\/wp-json\/wp\/v2\/media?parent=7"}],"curies":[{"name":"wp","href":"https:\/\/api.w.org\/{rel}","templated":true}]}}