{"id":29,"date":"2024-09-19T10:50:19","date_gmt":"2024-09-19T08:50:19","guid":{"rendered":"https:\/\/www.arsippelberg.be\/?page_id=29"},"modified":"2025-07-11T09:17:40","modified_gmt":"2025-07-11T07:17:40","slug":"acceuil","status":"publish","type":"page","link":"https:\/\/www.arsippelberg.be\/","title":{"rendered":"Accueil"},"content":{"rendered":"<div class=\"wp-block-image\">\n<figure class=\"aligncenter size-large\"><img loading=\"lazy\" decoding=\"async\" width=\"1024\" height=\"448\" src=\"https:\/\/www.arsippelberg.be\/wp-content\/uploads\/2024\/09\/Capture-1024x448.png\" alt=\"\" class=\"wp-image-48\" srcset=\"https:\/\/www.arsippelberg.be\/wp-content\/uploads\/2024\/09\/Capture-1024x448.png 1024w, https:\/\/www.arsippelberg.be\/wp-content\/uploads\/2024\/09\/Capture-300x131.png 300w, https:\/\/www.arsippelberg.be\/wp-content\/uploads\/2024\/09\/Capture-768x336.png 768w, https:\/\/www.arsippelberg.be\/wp-content\/uploads\/2024\/09\/Capture-1536x672.png 1536w, https:\/\/www.arsippelberg.be\/wp-content\/uploads\/2024\/09\/Capture.png 1586w\" sizes=\"auto, (max-width: 1024px) 100vw, 1024px\" \/><\/figure>\n<\/div>\n\n\n<h1 class=\"wp-block-heading has-text-align-center\">Deux sections fondamentales<\/h1>\n\n\n\n<div class=\"wp-block-columns is-layout-flex wp-container-core-columns-is-layout-9d6595d7 wp-block-columns-is-layout-flex\">\n<div class=\"wp-block-column has-base-3-color has-global-color-8-background-color has-text-color has-background has-link-color wp-elements-af651ca25ef57a2264685c668f3cdd1e is-layout-flow wp-block-column-is-layout-flow\">\n<h2 class=\"wp-block-heading has-text-align-center\">EFA<\/h2>\n\n\n\n<p class=\"has-text-align-center has-global-color-9-color has-text-color has-link-color wp-elements-3bb6fb26437ebb821f1f62348ca3dcee\">Maternelle<\/p>\n\n\n\n<p class=\"has-text-align-center\"><strong>Le petit sippelberg<\/strong><\/p>\n\n\n\n<p class=\"has-text-align-center\">efa.sippelberg@arsippelberg.be<\/p>\n\n\n\n<p class=\"has-text-align-center\"><\/p>\n<\/div>\n\n\n\n<div class=\"wp-block-column has-base-3-color has-global-color-8-background-color has-text-color has-background has-link-color wp-elements-b4719ec013a3f1fc08e88aceb20006f7 is-layout-flow wp-block-column-is-layout-flow\">\n<h2 class=\"wp-block-heading has-text-align-center\">EPA<\/h2>\n\n\n\n<p class=\"has-text-align-center has-global-color-9-color has-text-color has-link-color wp-elements-3b56c4c46fa373f389e92384fec2f795\">Primaire<\/p>\n\n\n\n<p class=\"has-text-align-center\"><strong>Les jardins du sippelberg<\/strong><\/p>\n\n\n\n<p class=\"has-text-align-center has-global-color-8-background-color has-background\">epa.sippelberg@arsippelberg.be<\/p>\n\n\n\n<p class=\"has-text-align-center\"><\/p>\n<\/div>\n<\/div>\n\n\n\n<p><\/p>\n\n\n\n<h2 class=\"wp-block-heading\"><\/h2>\n\n\n\n<figure class=\"wp-block-video\"><video controls src=\"https:\/\/web.archive.org\/web\/20240222091426im_\/http:\/\/arsippelberg.be\/wp-content\/uploads\/2021\/01\/Sippelberg.mp4\"><\/video><\/figure>\n\n\n\n<p><\/p>\n\n\n\n<div class=\"wp-block-group is-nowrap is-layout-flex wp-container-core-group-is-layout-ad2f72ca wp-block-group-is-layout-flex\">\n<div class=\"wp-block-columns is-layout-flex wp-container-core-columns-is-layout-9d6595d7 wp-block-columns-is-layout-flex\">\n<div class=\"wp-block-column is-layout-flow wp-block-column-is-layout-flow\">\n<figure class=\"wp-block-image size-full\"><img loading=\"lazy\" decoding=\"async\" width=\"768\" height=\"589\" src=\"https:\/\/www.arsippelberg.be\/wp-content\/uploads\/2024\/09\/educ.png\" alt=\"\" class=\"wp-image-68\" srcset=\"https:\/\/www.arsippelberg.be\/wp-content\/uploads\/2024\/09\/educ.png 768w, https:\/\/www.arsippelberg.be\/wp-content\/uploads\/2024\/09\/educ-300x230.png 300w\" sizes=\"auto, (max-width: 768px) 100vw, 768px\" \/><\/figure>\n<\/div>\n\n\n\n<div class=\"wp-block-column is-layout-flow wp-block-column-is-layout-flow\">\n<p><\/p>\n\n\n\n<p><\/p>\n\n\n\n<h1 class=\"wp-block-heading\">Une \u00e9ducation de qualit\u00e9<\/h1>\n\n\n\n<p><\/p>\n\n\n\n<p>L\u2019<strong>Ath\u00e9n\u00e9e royal du Sippelberg<\/strong>, situ\u00e9&nbsp;\u00e0 Molenbeek-Saint-Jean, est une \u00e9cole secondaire relevant du r\u00e9seau&nbsp;<strong>Wallonie-Bruxelles Enseignement<\/strong>.<\/p>\n\n\n\n<p>Elle dispense un enseignement secondaire ordinaire de plein exercice, pr\u00e9parant aux \u00e9tudes sup\u00e9rieures et\/ou \u00e0 la vie professionnelle.<\/p>\n\n\n\n<p>L\u2019\u00e9tablissement comprend <strong>deux implantations<\/strong> \u00e0 Molenbeek-Saint-Jean, et propose \u00e9galement une <strong>section maternelle et primaire<\/strong>.<\/p>\n<\/div>\n<\/div>\n<\/div>\n\n\n\n<p><\/p>\n\n\n\n<div class=\"wp-block-columns is-layout-flex wp-container-core-columns-is-layout-9d6595d7 wp-block-columns-is-layout-flex\">\n<div class=\"wp-block-column is-layout-flow wp-block-column-is-layout-flow\">\n<figure class=\"wp-block-image size-full\"><img loading=\"lazy\" decoding=\"async\" width=\"1024\" height=\"768\" src=\"https:\/\/www.arsippelberg.be\/wp-content\/uploads\/2024\/09\/eg.jpg\" alt=\"\" class=\"wp-image-51\" srcset=\"https:\/\/www.arsippelberg.be\/wp-content\/uploads\/2024\/09\/eg.jpg 1024w, https:\/\/www.arsippelberg.be\/wp-content\/uploads\/2024\/09\/eg-300x225.jpg 300w, https:\/\/www.arsippelberg.be\/wp-content\/uploads\/2024\/09\/eg-768x576.jpg 768w\" sizes=\"auto, (max-width: 1024px) 100vw, 1024px\" \/><\/figure>\n\n\n\n<h3 class=\"wp-block-heading\">Enseignement g\u00e9n\u00e9ral<\/h3>\n\n\n\n<p><br>1\u00e8re et 2\u00e8me diff\u00e9renci\u00e9es<br>DASPA<br>de la 1re \u00e0 la 6e g\u00e9n\u00e9rale<\/p>\n\n\n\n<p>Options :<\/p>\n\n\n\n<ul class=\"wp-block-list\">\n<li>Sciences \u00e9conomiques<\/li>\n\n\n\n<li>Langues modernes<\/li>\n\n\n\n<li>Science math\u00e9matique<\/li>\n\n\n\n<li>\u00c9ducation physique<\/li>\n\n\n\n<li>Technique de transition informatique<\/li>\n<\/ul>\n\n\n\n<p><\/p>\n<\/div>\n\n\n\n<div class=\"wp-block-column is-layout-flow wp-block-column-is-layout-flow\">\n<figure class=\"wp-block-image size-full\"><img loading=\"lazy\" decoding=\"async\" width=\"1024\" height=\"576\" src=\"https:\/\/www.arsippelberg.be\/wp-content\/uploads\/2024\/09\/eq.jpg\" alt=\"\" class=\"wp-image-52\" srcset=\"https:\/\/www.arsippelberg.be\/wp-content\/uploads\/2024\/09\/eq.jpg 1024w, https:\/\/www.arsippelberg.be\/wp-content\/uploads\/2024\/09\/eq-300x169.jpg 300w, https:\/\/www.arsippelberg.be\/wp-content\/uploads\/2024\/09\/eq-768x432.jpg 768w\" sizes=\"auto, (max-width: 1024px) 100vw, 1024px\" \/><\/figure>\n\n\n\n<p><\/p>\n\n\n\n<p><\/p>\n\n\n\n<h3 class=\"wp-block-heading\">Enseignement technique de qualification<\/h3>\n\n\n\n<p>Enseignement technique<\/p>\n\n\n\n<ul class=\"wp-block-list\">\n<li>3\u00e8me technique de qualification\n<ul class=\"wp-block-list\">\n<li>Secr\u00e9tariat &#8211; Tourisme<\/li>\n<\/ul>\n<\/li>\n\n\n\n<li>4\u00e8me technique de qualification\n<ul class=\"wp-block-list\">\n<li>Bureautique<\/li>\n\n\n\n<li>Commerciale<\/li>\n<\/ul>\n<\/li>\n\n\n\n<li>3\u00e8me degr\u00e9\n<ul class=\"wp-block-list\">\n<li>Technicien(ne) de bureau<\/li>\n\n\n\n<li>Technicien(ne) commercial(e)<\/li>\n<\/ul>\n<\/li>\n<\/ul>\n\n\n\n<p><\/p>\n\n\n\n<p><\/p>\n<\/div>\n<\/div>\n","protected":false},"excerpt":{"rendered":"<p>Deux sections fondamentales EFA Maternelle Le petit sippelberg efa.sippelberg@arsippelberg.be EPA Primaire Les jardins du sippelberg epa.sippelberg@arsippelberg.be Une \u00e9ducation de qualit\u00e9 L\u2019Ath\u00e9n\u00e9e royal du Sippelberg, situ\u00e9&nbsp;\u00e0 Molenbeek-Saint-Jean, est une \u00e9cole secondaire relevant du r\u00e9seau&nbsp;Wallonie-Bruxelles Enseignement. Elle dispense un enseignement secondaire ordinaire de plein exercice, pr\u00e9parant aux \u00e9tudes sup\u00e9rieures et\/ou \u00e0 la vie professionnelle. L\u2019\u00e9tablissement comprend deux &#8230; <a title=\"Accueil\" class=\"read-more\" href=\"https:\/\/www.arsippelberg.be\/\" aria-label=\"En savoir plus sur Accueil\">Lire la suite<\/a><\/p>\n","protected":false},"author":1,"featured_media":0,"parent":0,"menu_order":0,"comment_status":"closed","ping_status":"closed","template":"","meta":{"footnotes":""},"class_list":["post-29","page","type-page","status-publish"],"_links":{"self":[{"href":"https:\/\/www.arsippelberg.be\/index.php\/wp-json\/wp\/v2\/pages\/29","targetHints":{"allow":["GET"]}}],"collection":[{"href":"https:\/\/www.arsippelberg.be\/index.php\/wp-json\/wp\/v2\/pages"}],"about":[{"href":"https:\/\/www.arsippelberg.be\/index.php\/wp-json\/wp\/v2\/types\/page"}],"author":[{"embeddable":true,"href":"https:\/\/www.arsippelberg.be\/index.php\/wp-json\/wp\/v2\/users\/1"}],"replies":[{"embeddable":true,"href":"https:\/\/www.arsippelberg.be\/index.php\/wp-json\/wp\/v2\/comments?post=29"}],"version-history":[{"count":21,"href":"https:\/\/www.arsippelberg.be\/index.php\/wp-json\/wp\/v2\/pages\/29\/revisions"}],"predecessor-version":[{"id":140,"href":"https:\/\/www.arsippelberg.be\/index.php\/wp-json\/wp\/v2\/pages\/29\/revisions\/140"}],"wp:attachment":[{"href":"https:\/\/www.arsippelberg.be\/index.php\/wp-json\/wp\/v2\/media?parent=29"}],"curies":[{"name":"wp","href":"https:\/\/api.w.org\/{rel}","templated":true}]}}